{"id":1149,"date":"2023-09-22T02:10:39","date_gmt":"2023-09-22T02:10:39","guid":{"rendered":"https:\/\/grupocamachos.com\/menu\/?post_type=product&#038;p=1149"},"modified":"2026-02-02T21:20:13","modified_gmt":"2026-02-02T21:20:13","slug":"la-mas-culona-2","status":"publish","type":"product","link":"https:\/\/grupocamachos.com\/menu\/producto\/la-mas-culona-2\/","title":{"rendered":"LA M\u00c1S CULONA"},"content":{"rendered":"<p>Carne angus a la brasa, queso doble crema, arepita amarilla, guacamole (si lo quieres con picante te lo ponemos) tocineta crispy, tomate rojo, lechuga crespa org\u00e1nica, cebolla al gusto (caramelizada, grill\u00e9, natural) pan brioche artesanal untadito de nuestra salsa machos ahumada a base de frutos secos y salsa t\u00e1rtara (No incluye papas).<\/p>\n","protected":false},"excerpt":{"rendered":"<p>Carne angus a la brasa, queso doble crema, arepita amarilla, guacamole (si lo quieres con picante te lo ponemos) tocineta crispy, tomate rojo, lechuga crespa org\u00e1nica, cebolla al gusto (caramelizada, grill\u00e9, natural) pan brioche artesanal untadito de nuestra salsa machos ahumada a base de frutos secos y salsa t\u00e1rtara (No incluye papas).<\/p>\n","protected":false},"featured_media":1677,"comment_status":"closed","ping_status":"closed","template":"","meta":[],"product_brand":[],"product_cat":[19],"product_tag":[49,37,48,51],"class_list":{"0":"post-1149","1":"product","2":"type-product","3":"status-publish","4":"has-post-thumbnail","6":"product_cat-hamburguesas","7":"product_tag-barranquilla","8":"product_tag-bogota","9":"product_tag-noventaytres","10":"product_tag-ochentaycinco","11":"entry","13":"first","14":"instock","15":"shipping-taxable","16":"purchasable","17":"product-type-simple"},"_links":{"self":[{"href":"https:\/\/grupocamachos.com\/menu\/wp-json\/wp\/v2\/product\/1149","targetHints":{"allow":["GET"]}}],"collection":[{"href":"https:\/\/grupocamachos.com\/menu\/wp-json\/wp\/v2\/product"}],"about":[{"href":"https:\/\/grupocamachos.com\/menu\/wp-json\/wp\/v2\/types\/product"}],"replies":[{"embeddable":true,"href":"https:\/\/grupocamachos.com\/menu\/wp-json\/wp\/v2\/comments?post=1149"}],"version-history":[{"count":5,"href":"https:\/\/grupocamachos.com\/menu\/wp-json\/wp\/v2\/product\/1149\/revisions"}],"predecessor-version":[{"id":2035,"href":"https:\/\/grupocamachos.com\/menu\/wp-json\/wp\/v2\/product\/1149\/revisions\/2035"}],"wp:featuredmedia":[{"embeddable":true,"href":"https:\/\/grupocamachos.com\/menu\/wp-json\/wp\/v2\/media\/1677"}],"wp:attachment":[{"href":"https:\/\/grupocamachos.com\/menu\/wp-json\/wp\/v2\/media?parent=1149"}],"wp:term":[{"taxonomy":"product_brand","embeddable":true,"href":"https:\/\/grupocamachos.com\/menu\/wp-json\/wp\/v2\/product_brand?post=1149"},{"taxonomy":"product_cat","embeddable":true,"href":"https:\/\/grupocamachos.com\/menu\/wp-json\/wp\/v2\/product_cat?post=1149"},{"taxonomy":"product_tag","embeddable":true,"href":"https:\/\/grupocamachos.com\/menu\/wp-json\/wp\/v2\/product_tag?post=1149"}],"curies":[{"name":"wp","href":"https:\/\/api.w.org\/{rel}","templated":true}]}}