{"id":1482,"date":"2024-05-10T15:29:58","date_gmt":"2024-05-10T15:29:58","guid":{"rendered":"https:\/\/grupocamachos.com\/menu\/?post_type=product&#038;p=1482"},"modified":"2026-02-23T16:10:20","modified_gmt":"2026-02-23T16:10:20","slug":"la-tote","status":"publish","type":"product","link":"https:\/\/grupocamachos.com\/menu\/producto\/la-tote\/","title":{"rendered":"LA TOTE DOBLE CARNE"},"content":{"rendered":"<p>Doble carne angus a la brasa, queso Lawrence, crumble de chicharr\u00f3n carnudo, meloso de pera artesanal, chispas de queso coste\u00f1o, vegetales frescos y nuestro aut\u00e9ntico pan brioche untadito de t\u00e1rtara de la casa.<\/p>\n","protected":false},"excerpt":{"rendered":"<p>Doble carne angus a la brasa, queso Lawrence, crumble de chicharr\u00f3n carnudo, meloso de pera artesanal, chispas de queso coste\u00f1o, vegetales frescos y nuestro aut\u00e9ntico pan brioche untadito de t\u00e1rtara de la casa.<\/p>\n","protected":false},"featured_media":1715,"comment_status":"closed","ping_status":"closed","template":"","meta":[],"product_brand":[],"product_cat":[19],"product_tag":[38,41,40,39],"class_list":{"0":"post-1482","1":"product","2":"type-product","3":"status-publish","4":"has-post-thumbnail","6":"product_cat-hamburguesas","7":"product_tag-cabecera","8":"product_tag-cacique","9":"product_tag-canaveral","10":"product_tag-prado","11":"entry","13":"first","14":"instock","15":"shipping-taxable","16":"purchasable","17":"product-type-simple"},"_links":{"self":[{"href":"https:\/\/grupocamachos.com\/menu\/wp-json\/wp\/v2\/product\/1482","targetHints":{"allow":["GET"]}}],"collection":[{"href":"https:\/\/grupocamachos.com\/menu\/wp-json\/wp\/v2\/product"}],"about":[{"href":"https:\/\/grupocamachos.com\/menu\/wp-json\/wp\/v2\/types\/product"}],"replies":[{"embeddable":true,"href":"https:\/\/grupocamachos.com\/menu\/wp-json\/wp\/v2\/comments?post=1482"}],"version-history":[{"count":8,"href":"https:\/\/grupocamachos.com\/menu\/wp-json\/wp\/v2\/product\/1482\/revisions"}],"predecessor-version":[{"id":2108,"href":"https:\/\/grupocamachos.com\/menu\/wp-json\/wp\/v2\/product\/1482\/revisions\/2108"}],"wp:featuredmedia":[{"embeddable":true,"href":"https:\/\/grupocamachos.com\/menu\/wp-json\/wp\/v2\/media\/1715"}],"wp:attachment":[{"href":"https:\/\/grupocamachos.com\/menu\/wp-json\/wp\/v2\/media?parent=1482"}],"wp:term":[{"taxonomy":"product_brand","embeddable":true,"href":"https:\/\/grupocamachos.com\/menu\/wp-json\/wp\/v2\/product_brand?post=1482"},{"taxonomy":"product_cat","embeddable":true,"href":"https:\/\/grupocamachos.com\/menu\/wp-json\/wp\/v2\/product_cat?post=1482"},{"taxonomy":"product_tag","embeddable":true,"href":"https:\/\/grupocamachos.com\/menu\/wp-json\/wp\/v2\/product_tag?post=1482"}],"curies":[{"name":"wp","href":"https:\/\/api.w.org\/{rel}","templated":true}]}}