{"id":1569,"date":"2024-10-03T15:40:16","date_gmt":"2024-10-03T15:40:16","guid":{"rendered":"https:\/\/grupocamachos.com\/menu\/?post_type=product&#038;p=1569"},"modified":"2025-07-31T21:04:52","modified_gmt":"2025-07-31T21:04:52","slug":"el-propio-2","status":"publish","type":"product","link":"https:\/\/grupocamachos.com\/menu\/producto\/el-propio-2\/","title":{"rendered":"EL PROPIO"},"content":{"rendered":"<p>Fusi\u00f3n profunda del vino tinto con el vibrante alm\u00edbar de jamaica y la frescura del zumo de lim\u00f3n, delicados cubitos de manzana roja, verde y fresa, cobertura de sal. \u201cEl Propio\u201d una experiencia poderosa en tu paladar.<\/p>\n","protected":false},"excerpt":{"rendered":"<p>Fusi\u00f3n profunda del vino tinto con el vibrante alm\u00edbar de jamaica y la frescura del zumo de lim\u00f3n, delicados cubitos de manzana roja, verde y fresa, cobertura de sal. \u201cEl Propio\u201d una experiencia poderosa en tu paladar.<\/p>\n","protected":false},"featured_media":1560,"comment_status":"closed","ping_status":"closed","template":"","meta":[],"product_brand":[],"product_cat":[32],"product_tag":[49,48,51],"class_list":{"0":"post-1569","1":"product","2":"type-product","3":"status-publish","4":"has-post-thumbnail","6":"product_cat-cocteles","7":"product_tag-barranquilla","8":"product_tag-noventaytres","9":"product_tag-ochentaycinco","10":"entry","12":"first","13":"instock","14":"shipping-taxable","15":"purchasable","16":"product-type-simple"},"_links":{"self":[{"href":"https:\/\/grupocamachos.com\/menu\/wp-json\/wp\/v2\/product\/1569","targetHints":{"allow":["GET"]}}],"collection":[{"href":"https:\/\/grupocamachos.com\/menu\/wp-json\/wp\/v2\/product"}],"about":[{"href":"https:\/\/grupocamachos.com\/menu\/wp-json\/wp\/v2\/types\/product"}],"replies":[{"embeddable":true,"href":"https:\/\/grupocamachos.com\/menu\/wp-json\/wp\/v2\/comments?post=1569"}],"version-history":[{"count":1,"href":"https:\/\/grupocamachos.com\/menu\/wp-json\/wp\/v2\/product\/1569\/revisions"}],"predecessor-version":[{"id":1570,"href":"https:\/\/grupocamachos.com\/menu\/wp-json\/wp\/v2\/product\/1569\/revisions\/1570"}],"wp:featuredmedia":[{"embeddable":true,"href":"https:\/\/grupocamachos.com\/menu\/wp-json\/wp\/v2\/media\/1560"}],"wp:attachment":[{"href":"https:\/\/grupocamachos.com\/menu\/wp-json\/wp\/v2\/media?parent=1569"}],"wp:term":[{"taxonomy":"product_brand","embeddable":true,"href":"https:\/\/grupocamachos.com\/menu\/wp-json\/wp\/v2\/product_brand?post=1569"},{"taxonomy":"product_cat","embeddable":true,"href":"https:\/\/grupocamachos.com\/menu\/wp-json\/wp\/v2\/product_cat?post=1569"},{"taxonomy":"product_tag","embeddable":true,"href":"https:\/\/grupocamachos.com\/menu\/wp-json\/wp\/v2\/product_tag?post=1569"}],"curies":[{"name":"wp","href":"https:\/\/api.w.org\/{rel}","templated":true}]}}