{"id":1642,"date":"2025-06-01T14:45:59","date_gmt":"2025-06-01T14:45:59","guid":{"rendered":"https:\/\/grupocamachos.com\/menu\/?post_type=product&#038;p=1642"},"modified":"2026-02-02T21:06:14","modified_gmt":"2026-02-02T21:06:14","slug":"la-tote-sencilla-2","status":"publish","type":"product","link":"https:\/\/grupocamachos.com\/menu\/producto\/la-tote-sencilla-2\/","title":{"rendered":"LA TOTE"},"content":{"rendered":"<p>Carne angus a la brasa, queso Lawrence, crumble de chicharr\u00f3n carnudo, meloso de pera artesanal, chispas de queso coste\u00f1o, vegetales frescos y nuestro aut\u00e9ntico pan brioche untadito de t\u00e1rtara de la casa (No incluye papas).<\/p>\n","protected":false},"excerpt":{"rendered":"<p>Carne angus a la brasa, queso Lawrence, crumble de chicharr\u00f3n carnudo, meloso de pera artesanal, chispas de queso coste\u00f1o, vegetales frescos y nuestro aut\u00e9ntico pan brioche untadito de t\u00e1rtara de la casa (No incluye papas).<\/p>\n","protected":false},"featured_media":1716,"comment_status":"closed","ping_status":"closed","template":"","meta":[],"product_brand":[],"product_cat":[19],"product_tag":[49,37,48,51],"class_list":{"0":"post-1642","1":"product","2":"type-product","3":"status-publish","4":"has-post-thumbnail","6":"product_cat-hamburguesas","7":"product_tag-barranquilla","8":"product_tag-bogota","9":"product_tag-noventaytres","10":"product_tag-ochentaycinco","11":"entry","13":"first","14":"instock","15":"shipping-taxable","16":"purchasable","17":"product-type-simple"},"_links":{"self":[{"href":"https:\/\/grupocamachos.com\/menu\/wp-json\/wp\/v2\/product\/1642","targetHints":{"allow":["GET"]}}],"collection":[{"href":"https:\/\/grupocamachos.com\/menu\/wp-json\/wp\/v2\/product"}],"about":[{"href":"https:\/\/grupocamachos.com\/menu\/wp-json\/wp\/v2\/types\/product"}],"replies":[{"embeddable":true,"href":"https:\/\/grupocamachos.com\/menu\/wp-json\/wp\/v2\/comments?post=1642"}],"version-history":[{"count":6,"href":"https:\/\/grupocamachos.com\/menu\/wp-json\/wp\/v2\/product\/1642\/revisions"}],"predecessor-version":[{"id":2026,"href":"https:\/\/grupocamachos.com\/menu\/wp-json\/wp\/v2\/product\/1642\/revisions\/2026"}],"wp:featuredmedia":[{"embeddable":true,"href":"https:\/\/grupocamachos.com\/menu\/wp-json\/wp\/v2\/media\/1716"}],"wp:attachment":[{"href":"https:\/\/grupocamachos.com\/menu\/wp-json\/wp\/v2\/media?parent=1642"}],"wp:term":[{"taxonomy":"product_brand","embeddable":true,"href":"https:\/\/grupocamachos.com\/menu\/wp-json\/wp\/v2\/product_brand?post=1642"},{"taxonomy":"product_cat","embeddable":true,"href":"https:\/\/grupocamachos.com\/menu\/wp-json\/wp\/v2\/product_cat?post=1642"},{"taxonomy":"product_tag","embeddable":true,"href":"https:\/\/grupocamachos.com\/menu\/wp-json\/wp\/v2\/product_tag?post=1642"}],"curies":[{"name":"wp","href":"https:\/\/api.w.org\/{rel}","templated":true}]}}